hat are the prime factors of 4187587799?
14923, 280613
List the prime factors of 3959100005.
5, 7, 113117143
What are the prime factors of 17203609?
17, 23, 1913
List the prime factors of 4090529178.
2, 3, 89, 2553389
List the prime factors of 102729701.
461, 222841
List the prime factors of 257925405.
3, 5, 83, 207169
List the prime factors of 1251279995.
5, 7, 35750857
What are the prime factors of 1583528456?
2, 79, 109, 127, 181
List the prime factors of 2921690602.
2, 1460845301
List the prime factors of 459352289.
11, 41759299
List the prime factors of 38578460.
2, 5, 349, 5527
List the prime factors of 3457304897.
52561, 65777
What are the prime factors of 311509567?
53, 821, 7159
List the prime factors of 4293604369.
38393, 111833
List the prime factors of 860495159.
23, 109, 343237
List the prime factors of 401211517.
7, 23, 31, 80387
List the prime factors of 954051694.
2, 197, 2421451
What are the prime factors of 9316108?
2, 2329027
What are the prime factors of 5144971?
13, 395767
List the prime factors of 36175225.
5, 1447009
What are the prime factors of 3306343163?
6599, 501037
What are the prime factors of 632141098?
2, 6337, 49877
What are the prime factors of 45450090?
2, 3, 5, 7, 19, 3797
List the prime factors of 461919357.
3, 51324373
List the prime factors of 150805729.
4813, 31333
What are the prime factors of 83053488?
2, 3, 7, 247183
List the prime factors of 13675148.
2, 3418787
What are the prime factors of 4117276542?
2, 3, 24907, 27551
List the prime factors of 933340007.
933340007
List the prime factors of 443912457.
3, 147970819
List the prime factors of 9924942.
2, 3, 1654157
List the prime factors of 680287548.
2, 3, 1523, 37223
List the prime factors of 225241269.
3, 11, 131, 52103
List the prime factors of 526529323.
526529323
List the prime factors of 65706660.
2, 3, 5, 271, 449
List the prime factors of 142980740.
2, 5, 7, 1021291
List the prime factors of 947081732.
2, 236770433
What are the prime factors of 23069565?
3, 5, 512657
List the prime factors of 171238198.
2, 67, 1277897
What are the prime factors of 1344381485?
5, 268876297
What are the prime factors of 224665319?
17, 13215607
What are the prime factors of 75638409?
3, 7, 11, 29, 1613
List the prime factors of 5190662.
2, 2595331
What are the prime factors of 1757665016?
2, 47, 311, 15031
List the prime factors of 1698968792.
2, 443, 457, 1049
List the prime factors of 3068631163.
13, 547, 431533
What are the prime factors of 33128965?
5, 1709, 3877
What are the prime factors of 2190494?
2, 1095247
List the prime factors of 36613116.
2, 3, 1017031
List the prime factors of 6135984.
2, 3, 42611
What are the prime factors of 323847584?
2, 10120237
List the prime factors of 4154883186.
2, 3, 29, 1181, 20219
What are the prime factors of 38348921?
13, 2949917
What are the prime factors of 85191510?
2, 3, 5, 1033, 2749
List the prime factors of 857189384.
2, 47, 2279759
List the prime factors of 230510548.
2, 17, 3389861
What are the prime factors of 42608694?
2, 3, 31, 277, 827
What are the prime factors of 969821236?
2, 17, 31, 491, 937
What are the prime factors of 110154112?
2, 860579
What are the prime factors of 10343856?
2, 3, 215497
List the prime factors of 22276710.
2, 3, 5, 247519
List the prime factors of 27078585.
3, 5, 1805239
What are the prime factors of 56567201?
211, 268091
List the prime factors of 2417971542.
2, 3, 7, 31, 127, 2089
What are the prime factors of 492338314?
2, 13, 1249, 15161
What are the prime factors of 66713014?
2, 109, 306023
What are the prime factors of 99806834?
2, 37, 1021, 1321
What are the prime factors of 59617322?
2, 197, 337, 449
List the prime factors of 2236153809.
3, 1297, 574699
List the prime factors of 5545690.
2, 5, 554569
What are the prime factors of 6623444551?
1811, 3657341
What are the prime factors of 9654311172?
2, 3, 11, 47, 463, 3361
List the prime factors of 63356169.
3, 21118723
What are the prime factors of 8808951559?
8808951559
List the prime factors of 2012715382.
2, 1006357691
What are the prime factors of 531290637?
3, 67, 509, 577
List the prime factors of 61331805.
3, 5, 1362929
What are the prime factors of 86973935?
5, 71, 244997
List the prime factors of 2683205382.
2, 3, 11, 13, 3127279
What are the prime factors of 74901746?
2, 37450873
What are the prime factors of 29559914?
2, 14779957
What are the prime factors of 487973816?
2, 11, 109, 50873
List the prime factors of 55852350.
2, 3, 5, 59, 6311
What are the prime factors of 701177331?
3, 233725777
List the prime factors of 963108825.
3, 5, 7, 313, 5861
List the prime factors of 36774239.
3371, 10909
List the prime factors of 7781302513.
7781302513
List the prime factors of 23891973.
3, 7, 37, 97, 317
What are the prime factors of 224300558?
2, 29, 53, 131, 557
List the prime factors of 315730827.
3, 1013, 34631
List the prime factors of 458698061.
179, 2562559
List the prime factors of 243930031.
243930031
List the prime factors of 5067510906.
2, 3, 844585151
What are the prime factors of 46241144?
2, 163, 35461
List the prime factors of 259546033.
61, 4254853
List the prime factors of 556549894.
2, 278274947
What are the prime factors of 65664484?
2, 79, 207799
List the prime factors of 26314226.
2, 31, 424423
What are the prime factors of 1130855166?
2, 3, 7, 8975041
What are the prime factors of 82243303?
107, 768629
List the prime factors of 2714893395.
3, 5, 180992893
What are the prime factors of 5673136685?
5, 463, 2450599
List the prime factors of 878320350.
2, 3, 5, 1951823
List the prime factors of 31141414.
2, 15570707
What are the prime factors of 1439967317?
1439967317
List the prime factors of 2383870744.
2, 297983843
What are the prime factors of 1008210438?
2, 3, 173, 323767
What are the prime factors of 45273487?
7, 367, 17623
List the prime factors of 85466623.
11, 7769693
List the prime factors of 645780838.
2, 322890419
List the prime factors of 4382794420.
2, 5, 219139721
List the prime factors of 60658736.
2, 241, 15731
What are the prime factors of 79446844?
2, 37, 536803
List the prime factors of 2394558901.
7, 673, 72613
List the prime factors of 784173309.
3, 261391103
List the prime factors of 584367280.
2, 5, 7, 1043513
List the prime factors of 46985946.
2, 3, 7, 1118713
List the prime factors of 656369407.
101, 6498707
List the prime factors of 654838466.
2, 281, 1165193
What are the prime factors of 637711?
637711
What are the prime factors of 454181006?
2, 29, 7830707
What are the prime factors of 6014514716?
2, 7, 214804097
List the prime factors of 29584242.
2, 3, 281, 5849
What are the prime factors of 1966321404?
2, 3, 811, 67349
What are the prime factors of 151636602?
2, 3, 13, 149543
What are the prime factors of 406735956?
2, 3, 11, 23, 44657
List the prime factors of 184696508.
2, 46174127
List the prime factors of 35938399.
7, 53, 157, 617
What are the prime factors of 148599033?
3, 11, 4503001
List the prime factors of 420464141.
3449, 121909
What are the prime factors of 78929355?
3, 5, 5261957
What are the prime factors of 278538037?
439, 634483
What are the prime factors of 3432446719?
13, 264034363
List the prime factors of 970748061.
3, 139, 2327933
List the prime factors of 974165673.
3, 13, 239, 104513
List the prime factors of 16741243.
17, 41, 24019
List the prime factors of 467385929.
13799, 33871
What are the prime factors of 147566936?
2, 11, 17, 98641
List the prime factors of 254823474.
2, 3, 61, 696239
List the prime factors of 161327753.
443, 364171
What are the prime factors of 140508672?
2, 3, 17, 5381
List the prime factors of 19249430.
2, 5, 911, 2113
List the prime factors of 55307761.
43, 1286227
What are the prime factors of 1894345196?
2, 473586299
List the prime factors of 54674585.
5, 7, 1562131
List the prime factors of 4540162115.
5, 97, 199, 47041
List the prime factors of 219493156.
2, 43, 1276123
List the prime factors of 1912935122.
2, 7, 136638223
What are the prime factors of 165972555?
3, 5, 7, 10753
List the prime factors of 77317039.
77317039
What are the prime factors of 33100350?
2, 3, 5, 149, 1481
What are the prime factors of 3560827029?
3, 97, 1571, 7789
What are the prime factors of 50687841?
3, 43, 392929
List the prime factor